{"id":32,"date":"2025-10-24T09:40:22","date_gmt":"2025-10-24T07:40:22","guid":{"rendered":"https:\/\/fundacja-sds.eu\/?page_id=32"},"modified":"2026-04-01T16:00:09","modified_gmt":"2026-04-01T14:00:09","slug":"wesprzyj-nas","status":"publish","type":"page","link":"https:\/\/fundacja-sds.eu\/index.php\/wesprzyj-nas\/","title":{"rendered":""},"content":{"rendered":"\n<figure class=\"wp-block-image size-full\"><img loading=\"lazy\" decoding=\"async\" width=\"500\" height=\"500\" src=\"https:\/\/fundacja-sds.eu\/wp-content\/uploads\/2026\/04\/LOGO-1-1.png\" alt=\"\" class=\"wp-image-102\" srcset=\"https:\/\/fundacja-sds.eu\/wp-content\/uploads\/2026\/04\/LOGO-1-1.png 500w, https:\/\/fundacja-sds.eu\/wp-content\/uploads\/2026\/04\/LOGO-1-1-300x300.png 300w, https:\/\/fundacja-sds.eu\/wp-content\/uploads\/2026\/04\/LOGO-1-1-150x150.png 150w\" sizes=\"auto, (max-width: 500px) 100vw, 500px\" \/><\/figure>\n\n\n\n<script src=\"https:\/\/www.siepomaga.pl\/organizacje\/widget.js\" async=\"async\" data-organization-id=\"fundacja-sds\"><\/script>\n\n\n\n<p>By\u0107 mo\u017ce Tw\u00f3j gest sprawi, \u017ce pewnego dnia kto\u015b wybierze \u017cycie,<br>a nie rezygnacj\u0119 z niego. Wybierze w\u0142a\u015bciw\u0105 drog\u0119 zamiast ucieka\u0107 w uzale\u017cnienia\u2026<\/p>\n\n\n\n<p>Ka\u017cda darowizna pomaga nam otoczy\u0107 wsparciem tych, kt\u00f3rzy s\u0105 u kresu si\u0142 \u2014 ludzi zagubionych po rozwodach, zdradach, stracie, przemocy, w depresji, wypaleniu, samotno\u015bci.<\/p>\n\n\n\n<p>Dzi\u0119ki Twojej pomocy mo\u017cemy oferowa\u0107 <strong>bezp\u0142atne<\/strong>:<\/p>\n\n\n\n<ul class=\"wp-block-list\">\n<li>kr\u0119gi wsparcia i spotkania w naturze,<\/li>\n\n\n\n<li>k\u0105piele le\u015bne zmys\u0142ami,<\/li>\n\n\n\n<li>konsultacje i pomoc osobom w kryzysie emocjonalnym,<\/li>\n\n\n\n<li>dzia\u0142ania edukacyjne i profilaktyczne,<\/li>\n\n\n\n<li>budowa <strong>fizycznego Sanktuarium<\/strong> \u2014 miejsce w\u015br\u00f3d natury,<br>gdzie cz\u0142owiek mo\u017ce zdj\u0105\u0107 ci\u0119\u017car z bark\u00f3w, zrzuci\u0107 b\u00f3l z serca<br>i zacz\u0105\u0107 oddycha\u0107 od nowa.<\/li>\n<\/ul>\n\n\n\n<p>Darowizny \u2014 PLN: 03 2530 0008 2049 1088 0025 0001&nbsp; (tytu\u0142: darowizna na cele statutowe)<\/p>\n\n\n\n<p>Darowizny \u2014 EUR: 73 2530 0008 2049 1088 0025 0002&nbsp; |&nbsp; SWIFT: NESBPLPW<\/p>\n\n\n\n<p><\/p>\n\n\n\n<p>inne formy wsparcia &#8211; kontakt mailowy na&nbsp;contact@fundacja-sds.eu<\/p>\n\n\n\n<p><\/p>\n","protected":false},"excerpt":{"rendered":"<p>By\u0107 mo\u017ce Tw\u00f3j gest sprawi, \u017ce pewnego dnia kto\u015b wybierze \u017cycie,a nie rezygnacj\u0119 z niego. Wybierze w\u0142a\u015bciw\u0105 drog\u0119 zamiast ucieka\u0107 w uzale\u017cnienia\u2026 Ka\u017cda darowizna pomaga nam otoczy\u0107 wsparciem tych, kt\u00f3rzy s\u0105 u kresu si\u0142 \u2014 ludzi zagubionych po rozwodach, zdradach, stracie, przemocy, w depresji, wypaleniu, samotno\u015bci. Dzi\u0119ki Twojej pomocy mo\u017cemy oferowa\u0107 bezp\u0142atne: Darowizny \u2014 PLN: [&hellip;]<\/p>\n","protected":false},"author":1,"featured_media":0,"parent":0,"menu_order":0,"comment_status":"closed","ping_status":"closed","template":"","meta":{"footnotes":""},"class_list":["post-32","page","type-page","status-publish","hentry"],"_links":{"self":[{"href":"https:\/\/fundacja-sds.eu\/index.php\/wp-json\/wp\/v2\/pages\/32","targetHints":{"allow":["GET"]}}],"collection":[{"href":"https:\/\/fundacja-sds.eu\/index.php\/wp-json\/wp\/v2\/pages"}],"about":[{"href":"https:\/\/fundacja-sds.eu\/index.php\/wp-json\/wp\/v2\/types\/page"}],"author":[{"embeddable":true,"href":"https:\/\/fundacja-sds.eu\/index.php\/wp-json\/wp\/v2\/users\/1"}],"replies":[{"embeddable":true,"href":"https:\/\/fundacja-sds.eu\/index.php\/wp-json\/wp\/v2\/comments?post=32"}],"version-history":[{"count":9,"href":"https:\/\/fundacja-sds.eu\/index.php\/wp-json\/wp\/v2\/pages\/32\/revisions"}],"predecessor-version":[{"id":106,"href":"https:\/\/fundacja-sds.eu\/index.php\/wp-json\/wp\/v2\/pages\/32\/revisions\/106"}],"wp:attachment":[{"href":"https:\/\/fundacja-sds.eu\/index.php\/wp-json\/wp\/v2\/media?parent=32"}],"curies":[{"name":"wp","href":"https:\/\/api.w.org\/{rel}","templated":true}]}}